{"id":34,"date":"2024-05-15T09:26:23","date_gmt":"2024-05-15T06:26:23","guid":{"rendered":"http:\/\/31.217.193.150\/~stafettk\/?page_id=34"},"modified":"2025-05-26T18:24:37","modified_gmt":"2025-05-26T15:24:37","slug":"kontakta-oss","status":"publish","type":"page","link":"https:\/\/www.stafettkarnevalen.fi\/?page_id=34","title":{"rendered":"Kontakta oss"},"content":{"rendered":"\n<div class=\"wp-block-group\"><div class=\"wp-block-group__inner-container is-layout-constrained wp-block-group-is-layout-constrained\">\n<div class=\"wp-block-columns is-layout-flex wp-container-core-columns-is-layout-1 wp-block-columns-is-layout-flex\">\n<div class=\"wp-block-column is-layout-flow wp-block-column-is-layout-flow\">\n<h2 class=\"wp-block-heading\"><strong>Kontaktuppgifter<\/strong><\/h2>\n\n\n\n<p>Jan-Erik JEJE Ekl\u00f6f<br>Generalsekreterare \/ P\u00e4\u00e4sihteeri<\/p>\n\n\n\n<p>mobil: +358 40 1846380<br>e-post:&nbsp;<a href=\"mailto:jeje@stafettkarnevalen.fi\" target=\"_blank\" rel=\"noreferrer noopener\">jeje@stafettkarnevalen.fi<\/a><\/p>\n\n\n\n<p>Olympiastadion<br>Paavo Nurmi v\u00e4gen 1<br>00250 Helsingfors<\/p>\n<\/div>\n<\/div>\n\n\n\n<p><\/p>\n<\/div><\/div>\n\n\n\n<figure class=\"wp-block-table\"><table><tbody><tr><td>Funktion\u00e4rchef<\/td><td>Barbara \u00c5kerberg<br>baba(at)idrott.fi<br>+358 40 545 2260<\/td><\/tr><tr><td>Visuell identitet och design<\/td><td>Henrik Str\u00f6mberg<\/td><\/tr><tr><td>Organisationskommitt\u00e9n f\u00f6r<br>Stafettkarnevalen 2026<\/td><td>Ordf\u00f6rande: Mirko Pennanen<br>mirko.pennanen(at)gmail.com<\/td><\/tr><tr><td>T\u00e4vlingsutskottet<\/td><td>Ordf\u00f6rande: Mirko Pennanen<br>mirko.pennanen(at)gmail.com<\/td><\/tr><tr><td>Ekonomiutskottet<\/td><td>Ordf\u00f6rande: Nils Lundberg<br>nils.lundberg(at)live.com<br><\/td><\/tr><tr><td>Program och f\u00f6rs\u00e4ljning<\/td><td>Ordf\u00f6rande: Patrik Limnell<br>pati(at)welho.com<br>+358 400 505 202<\/td><\/tr><tr><td>Logistikutskottet<\/td><td>Ordf\u00f6rande: Mikael Ekholm<br>mikael.ekholm(at)stafettkarnevalen.fi<br>+358 50 461 3576<\/td><\/tr><tr><td>Anm\u00e4lningssystemet<\/td><td>Erik Haajanen<br>erik.haajanen(at)stafettkarnevalen.fi<\/td><\/tr><\/tbody><\/table><\/figure>\n","protected":false},"excerpt":{"rendered":"<p>Kontaktuppgifter Jan-Erik JEJE Ekl\u00f6fGeneralsekreterare \/ P\u00e4\u00e4sihteeri mobil: +358 40 1846380e-post:&nbsp;jeje@stafettkarnevalen.fi OlympiastadionPaavo Nurmi v\u00e4gen 100250 Helsingfors Funktion\u00e4rchef Barbara \u00c5kerbergbaba(at)idrott.fi+358 40 545[&#8230;]<\/p>\n","protected":false},"author":2,"featured_media":0,"parent":0,"menu_order":0,"comment_status":"closed","ping_status":"closed","template":"","meta":{"footnotes":""},"class_list":["post-34","page","type-page","status-publish","hentry"],"_links":{"self":[{"href":"https:\/\/www.stafettkarnevalen.fi\/index.php?rest_route=\/wp\/v2\/pages\/34","targetHints":{"allow":["GET"]}}],"collection":[{"href":"https:\/\/www.stafettkarnevalen.fi\/index.php?rest_route=\/wp\/v2\/pages"}],"about":[{"href":"https:\/\/www.stafettkarnevalen.fi\/index.php?rest_route=\/wp\/v2\/types\/page"}],"author":[{"embeddable":true,"href":"https:\/\/www.stafettkarnevalen.fi\/index.php?rest_route=\/wp\/v2\/users\/2"}],"replies":[{"embeddable":true,"href":"https:\/\/www.stafettkarnevalen.fi\/index.php?rest_route=%2Fwp%2Fv2%2Fcomments&post=34"}],"version-history":[{"count":7,"href":"https:\/\/www.stafettkarnevalen.fi\/index.php?rest_route=\/wp\/v2\/pages\/34\/revisions"}],"predecessor-version":[{"id":718,"href":"https:\/\/www.stafettkarnevalen.fi\/index.php?rest_route=\/wp\/v2\/pages\/34\/revisions\/718"}],"wp:attachment":[{"href":"https:\/\/www.stafettkarnevalen.fi\/index.php?rest_route=%2Fwp%2Fv2%2Fmedia&parent=34"}],"curies":[{"name":"wp","href":"https:\/\/api.w.org\/{rel}","templated":true}]}}